 be 0/(4/1) - -128. Let n = j - 68. What is the units digit of n?
0
Let y(c) be the third derivative of c**6/120 + 7*c**5/60 + c**4/6 - 7*c**3/6 - 3*c**2. Let b be y(-6). Suppose -56 - 159 = -b*l. What is the tens digit of l?
4
Let j(z) = -z**2 - 8*z - 13. Let x be j(-3). Suppose -4*y - 2*h + 68 = 0, -h = -2*h + 4. Suppose 3*d - x*d = y. What is the tens digit of d?
1
Let w be (-10)/15 + 110/3. Suppose -5*k - w = -4*k. Let m = -16 - k. What is the units digit of m?
0
Let r(p) = -p**3 - 15*p**2 + p + 15. Let b be r(-15). Suppose -u = 2*g - b*u - 128, -u = g - 63. What is the units digit of g?
5
Let s(g) = 5*g + 10. Let d be s(-2). Suppose d = 3*i - 747 + 96. What is the hundreds digit of i?
2
Suppose -5*o - 1 + 11 = 0. Let v = 43 - 18. Suppose o*j + v = 2*z + z, -6 = -2*z - 4*j. What is the units digit of z?
7
Suppose -6*u + 22 = -4*u. Suppose 0 = 16*v - u*v - 200. What is the units digit of v?
0
Let n(m) = -14*m - 1. Let i be n(4). Let r = -37 - i. What is the units digit of r?
0
Suppose 0 = 5*v - 15, -3*b - 4*v - v + 18 = 0. Let g(u) = 70*u**2 - u + 1. What is the tens digit of g(b)?
7
Let d(a) be the third derivative of 7*a**4/12 + 6*a**2. What is the tens digit of d(4)?
5
Let a = 17 - 23. What is the units digit of (-28)/42 + (-388)/a?
4
Let x be ((-32)/40)/((-2)/15). What is the tens digit of (-1422)/(-12)*x/9?
7
Suppose 13 = 2*p + 7. Suppose p*v + 336 = 7*v. Suppose -v = -5*d - 2*h, -5*h = d - 21 - 5. What is the tens digit of d?
1
What is the hundreds digit of -7 + (-1757)/(-14) + (-2)/4?
1
Let l(t) = -4*t**3 + 2 - 4*t**2 + 6*t**3 + 5*t**3 + 2*t. Suppose 3*a - 2*a - z = 6, 3*z + 6 = -3*a. What is the units digit of l(a)?
6
Let x = 3 - 15. Let a(v) = 47*v**3 + 15 - 46*v**3 + 6*v**2 + 6*v**2. What is the units digit of a(x)?
5
Suppose -4*p - 28 = -6*p. Suppose 5*u = -2*a + 2 - 1, 2*u = 4*a - p. Suppose -a*n = -32 - 16. What is the tens digit of n?
1
Let k = 34 + -40. What is the tens digit of (2/k)/((-2)/(-2 - -476))?
7
What is the tens digit of (-2)/((-56)/(-462))*(-568)/6?
6
Let q(v) = 23*v**2 + 22*v + 6. What is the units digit of q(-4)?
6
Let v be 11 + (2 - 0)*-1. Let l(r) be the second derivative of -r**5/20 + 5*r**4/6 - 5*r**3/6 - 3*r**2/2 - r + 39. What is the tens digit of l(v)?
3
Suppose -2*m + o = -3398, -6*m = 5*o - 6325 - 3885. What is the tens digit of m?
0
Let o(x) = -4227*x - 33. What is the thousands digit of o(-1)?
4
Suppose -4*n = -267 - 549. Suppose n = 3*x + x. What is the tens digit of x?
5
Let n(f) = -f**2 - 2*f + 1. Suppose -3*h - g + 13 = 0, 7 = 5*h + g - 12. Let s be 6/(-9)*(0 + h). What is the units digit of n(s)?
1
Let h(g) = 1. Let d(p) = -p**3 - 3*p**2 + 7*p + 12. Let w(x) = d(x) - 4*h(x). Let t(c) = c - 12. Let v be t(7). What is the units digit of w(v)?
3
Let z(d) = -82*d - 776. What is the tens digit of z(-44)?
3
Let u(k) = -127*k + 125. What is the hundreds digit of u(-5)?
7
Let c(s) = -s**3 + 6*s**2 + 10*s - 6. Let a be c(8). What is the tens digit of 140/6*a/(-45)?
2
What is the tens digit of ((-3716)/(-20))/(15/75)?
2
Let z(k) = 9*k**2 - 2*k + 287. What is the thousands digit of z(14)?
2
Suppose -4*v = -2*b + 14 - 32, -2*v = -5*b - 21. Suppose v*k - 124 - 251 = 0. What is the hundreds digit of k?
1
Suppose 2*f - 3*f + 136 = 0. Suppose 0 = -5*j - q + 721, 0 = -4*j - q + 440 + f. What is the tens digit of j?
4
Suppose 20 = -4*d - 0*d, -4*m + 4*d = -120. Let g = 28 - m. Suppose 4*l - 83 = l + 5*y, g*l + 4*y - 128 = 0. What is the units digit of l?
6
Let l(h) be the first derivative of -h**3/3 + 3*h**2 - 3*h + 4. Suppose 12 = s + 2*s. What is the units digit of l(s)?
5
Suppose -4*f + 2*x = -14, 0*f - 5*x = f + 13. Suppose 0*r - f = -3*r + u, 0 = 2*u - 8. Suppose -d + 35 = 2*v - 11, r*v - 70 = 5*d. What is the units digit of v?
5
Let b = 231 - 167. Let q = b + -34. What is the units digit of q?
0
What is the hundreds digit of 3 + -6 + 431 + 2?
4
Let v(l) = -25*l + 9*l + 46*l + 35*l. What is the tens digit of v(1)?
6
Let m be (-2)/(-6) - (-7)/(63/6). What is the units digit of 175/(-100)*(-20)/m?
5
Let l = -12 - -7. Let x be (-423)/l - 12/(-30). Suppose 0*r = -5*r + x. What is the tens digit of r?
1
Suppose 0 = -11*a + 6*a + 15. Suppose -t + w = -62, 188 = a*t - 0*t - w. What is the units digit of t?
3
Suppose -356 = -2*a + 5*i, 40*i = -a + 43*i + 177. What is the hundreds digit of a?
1
Let z(k) = -2585*k**3 + 3*k**2 + 4*k + 3. What is the units digit of z(-1)?
7
Let w(o) = 14*o + 48. What is the hundreds digit of w(11)?
2
Let s = 18 - 16. Suppose 3 = -4*o - s*v + 1, -3*o + 16 = -2*v. What is the units digit of (3 - (o + -2)) + 1?
4
Let d(a) = -36*a + 294. What is the tens digit of d(-19)?
7
Suppose 2*u - 4*u - 12 = 0. Suppose 0 = -2*l - 79 + 71. What is the tens digit of (-279)/u + (-2)/l?
4
Let i(z) = 3*z**2 - 2*z - 4. Let h(a) = -a**3 - 2*a**2 + 3*a + 3. Let f be h(-3). Suppose s + 6 = -3*s + f*l, -s + l = 1. What is the units digit of i(s)?
9
Let a(i) = i + 26. Let g be a(0). Let h = g + 40. What is the units digit of h?
6
Let v(z) = -z**3 + 8*z**2 + 42*z + 2. What is the tens digit of v(-6)?
5
Suppose -4*i - 5*p + 180 = i, -4*i + 5*p + 189 = 0. Suppose i + 173 = 2*z. What is the tens digit of z?
0
Suppose d + 5*q = 303, -3*d + 0*q = 2*q - 935. What is the units digit of d?
3
Let y(c) = c**3 + 8*c**2 - 3. Let z be y(-8). Let s be (-4)/(-6) - 364/z. Suppose 283 = 5*r - 2*o + 5*o, s = 2*r - o. What is the units digit of r?
9
Suppose 3*g = 7*g - 212. Suppose -2*w + 8 = 2*u + 2*w, 5*w + g = 2*u. What is the tens digit of 238/u + 1 + 0?
1
Let t(c) = c**2 + 2*c - 21. Let z(j) = 3*j**2 + 7*j - 63. Let p(u) = 17*t(u) - 6*z(u). What is the units digit of p(-9)?
2
Suppose -53 = 3*b - 2*c, 2 - 1 = c. Let o be (b/(-2))/((-6)/(-12)). Suppose o = 3*p - 31. What is the tens digit of p?
1
Let q = 143 - 94. What is the tens digit of q?
4
Suppose 2*o + 15 = 4*u + 5*o, o - 5 = -2*u. Suppose u*t = 4*t. What is the tens digit of t + (-12*3)/(-1)?
3
Let g = -6 - -8. Let d(o) = 7*o**2 + o - 1. Let r be d(g). Suppose 3*p = r + 1. What is the tens digit of p?
1
Suppose -339 = -w + 5*x, -3*w - x + 245 = -852. What is the units digit of w?
4
Let t(h) = h**3 + 8*h**2 + 6*h - 5. Let x be t(-7). Let l = 7 - x. Suppose -7*w + 2*w - 2*v = -65, 4*v - 55 = -l*w. What is the tens digit of w?
1
Suppose -12*g - 5636 = -26492. What is the units digit of g?
8
Suppose 3*q - 24 = -3*q. Suppose 17*c = q*c + 1183. What is the tens digit of c?
9
Let j = -67 + 69. Suppose -362 = -3*o - w - 3*w, j*o - 4*w = 228. What is the hundreds digit of o?
1
Let x(l) = -l**2 - l - 1. Let m(y) = -y**3 + 15*y**2 + 9*y - 14. Let s(g) = m(g) + 4*x(g). Let p be s(12). Let q = -56 - p. What is the units digit of q?
6
Let n be (-36)/(-21) + 3 - (-4)/14. Suppose 0 = -2*w - 2*l + 141 + 121, l = n*w - 649. What is the hundreds digit of w?
1
Let c = -81 + 38. Let l = -23 - c. What is the units digit of l?
0
Let q = -291 + 339. What is the units digit of q?
8
What is the units digit of 47478/14 - (-42)/(-147)?
1
Let j = 24 + -32. What is the units digit of j/(-10) - (-310)/50?
7
Let i = -806 + 316. Let n be (18/(-7))/(21/i). Suppose -b - n = -4*b. What is the tens digit of b?
2
Let y(b) = -26*b + 19. Let h be y(-12). Suppose 1346 = 5*i + h. What is the tens digit of i?
0
Let u be 1/(-6) + (-59)/6. Let z be ((-12)/u)/(6/20). What is the tens digit of z*5 - (5 - 6)?
2
Suppose 0 = -5*w + 10*w. Suppose w = i + 4 + 1. Let d = 7 - i. What is the tens digit of d?
1
Let k be (2*1/(-3))/(32/144). What is the tens digit of k - (275 - 3)*-1?
6
Suppose 3*k - 8 = 4. Suppose -4*l = -5*l + k. Suppose 0 = -3*n + 15, 5*s - 10 = -l*n + 120. What is the units digit of s?
2
Let g(w) = -408*w**3 + w**2 + 2*w + 1. Let l be g(-1). Suppose 2*d = -5*y + 3*y + 152, -2*d = -5*y + l. What is the units digit of y?
0
Let u(w) = w**2 - 6*w + 6. Let b be u(5). Let y be -18*(-10)/60*(-8)/(-6). Let i = y - b. What is the units digit of i?
3
Suppose y + 3004 = 3*d, 1855 - 6867 = -5*d - y. What is the hundreds digit of d?
0
Let b = -5 + 7. Suppose -b*k = 3*k + 80. Let p = 3 - k. What is the units digit of p?
9
Let y(x) = x**3 - 15*x**2 - 16*x + 4. Let m be y(16). Suppose m*j - 71 = -3*v, -v + 3 - 2 = 0. What is the tens digit of j?
1
Suppose 35*m = 30*m + 1840. What is the hundreds digit of m?
3
Let y(u) 